mine j(-2).
-148
Let w(z) = -381*z - 4200. Determine w(-11).
-9
Let p(s) = s**3 - 11*s**2 + 47. What is p(7)?
-149
Let g(o) = o**3 - 13*o**2 + 22*o - 113. What is g(12)?
7
Let p(r) = -r**3 + 10*r**2 - 3*r - 87. Determine p(8).
17
Let k(f) = f**2 + 344*f + 14456. Give k(-49).
1
Let k(m) = m**3 + 20*m**2 + 56*m - 326. Determine k(-12).
154
Let i(x) = 2*x**2 - 574*x + 5044. What is i(9)?
40
Let h(u) = -217*u + 4989. What is h(23)?
-2
Let m(s) = -870*s - 10466. Determine m(-12).
-26
Let i(y) = 3*y**3 + 24*y**2 - 18*y - 8. What is i(-9)?
-89
Let z(r) = -88*r - 254. Give z(-3).
10
Let b(f) = 160*f - 4657. Calculate b(29).
-17
Let p(i) = -i**3 - 157*i**2 - 450*i + 1855. What is p(-154)?
7
Let u(o) = o**3 - 19*o**2 - 21*o + 52. What is u(20)?
32
Let v(p) = 41*p - 2085. Determine v(50).
-35
Let x(v) = -3*v**3 + 7*v**2 - 42*v + 207. Give x(6).
-441
Let a(g) = g**2 + 65*g + 532. What is a(-10)?
-18
Let u(z) = -65*z + 2. Determine u(2).
-128
Let y(p) = -40*p - 443. What is y(-11)?
-3
Let i(l) = -7*l - 17. Calculate i(0).
-17
Let i(b) = b**2 + 24*b + 88. Determine i(-13).
-55
Let w(k) = -3*k**3 + 81*k**2 + 80*k - 70. Give w(28).
-182
Let y(a) = 9*a - 360. Calculate y(-5).
-405
Let h(a) = -2*a**2 + 25*a - 65. Calculate h(10).
-15
Let m(l) = -531*l - 11159. What is m(-21)?
-8
Let y(o) = 23*o - 445. What is y(21)?
38
Let l(v) = v**3 - 11*v**2 + 589*v + 4139. Determine l(-6).
-7
Let c(g) = -g**2 + 17*g + 181. What is c(-8)?
-19
Let c(d) = -20*d**2 + 10*d - 18. Give c(2).
-78
Let h(v) = -v**2 + v + 409. What is h(20)?
29
Let r(o) = -56*o + 337. Give r(8).
-111
Let d(w) = -w**2 - 58*w - 114. Calculate d(-56).
-2
Let f(d) = -d**3 + 55*d**2 - 191*d - 455. What is f(51)?
208
Let a(n) = -3*n**3 - 159*n**2 + 3*n + 113. What is a(-53)?
-46
Let h(s) = 250*s + 2763. Determine h(-11).
13
Let w(u) = -4*u**3 + 86*u**2 - 189*u - 26. Determine w(19).
-7
Let i(l) = 163*l - 679. Calculate i(4).
-27
Let q(j) = j**3 + 61*j**2 - 2653*j - 162777. Give q(-60).
3
Let b(r) = -r**3 - 44*r**2 + 138*r. Give b(4).
-216
Let c(a) = -5*a**3 + 59*a**2 + 9*a + 41. Give c(12).
5
Let s(l) = 26*l + 1793. Calculate s(-69).
-1
Let q(u) = 121*u - 2592. Give q(28).
796
Let i(r) = 7*r**2 + 25*r + 56. What is i(-6)?
158
Let p(t) = -t**3 + 25*t**2 - 14*t + 24. What is p(24)?
264
Let j(p) = -12*p**2 - 43*p + 20. Give j(-4).
0
Let o(x) = -x**2 - 168*x - 1605. Calculate o(-11).
122
Let j(y) = 4*y**3 + 205*y**2 + 50*y - 74. Calculate j(-51).
-23
Let l(i) = 23*i**2 + 3701*i - 139. What is l(-161)?
183
Let i(p) = 9*p + 592. Calculate i(-84).
-164
Let z(x) = -x**2 - 123*x + 635. Give z(5).
-5
Let k(s) = -24*s + 685. Determine k(35).
-155
Let c(d) = 2*d**3 + 30*d**2 - 25*d. Give c(-16).
-112
Let v(c) = c**3 - 5*c**2 + 70*c - 277. What is v(4)?
-13
Let y(w) = w**3 - 13*w**2 - 33*w + 61. Calculate y(15).
16
Let i(r) = 8*r - 222. Determine i(15).
-102
Let w(s) = -352*s**2 - 1763*s - 8. Calculate w(-5).
7
Let i(d) = 46*d + 228. Calculate i(-5).
-2
Let r(u) = 3*u**2 - 23*u + 27. Calculate r(8).
35
Let y(t) = t**2 - 111*t + 1196. What is y(12)?
8
Let x(h) = 32*h + 923. Calculate x(-29).
-5
Let u(d) = d**3 - 4*d**2 + 8*d + 94. What is u(-3)?
7
Let l(v) = -v**2 - 6*v - 16. What is l(-9)?
-43
Let m(n) = 240*n + 972. Determine m(-5).
-228
Let i(y) = 190*y + 13293. Calculate i(-70).
-7
Let l(u) = 381*u - 4631. What is l(12)?
-59
Let r(q) = -7*q**2 - 190*q - 190. Give r(-1).
-7
Let t(w) = w**3 + 36*w**2 + 14*w - 740. Calculate t(-35).
-5
Let b(f) = 2*f**2 - 63*f - 1855. Determine b(50).
-5
Let d(y) = -10*y - 85. What is d(-36)?
275
Let l(s) = -5*s**3 + 967*s**2 + 583*s - 197. Determine l(194).
-3
Let w(o) = -o**3 - 7*o**2 + 59*o + 20. Give w(-11).
-145
Let u(l) = l**3 + 206*l**2 - 1271*l + 214. Calculate u(-212).
2
Let k(m) = -99*m + 246. Determine k(-1).
345
Let a(z) = -104*z - 11120. What is a(-107)?
8
Let t(k) = 189*k - 342. Calculate t(2).
36
Let j(x) = 1157*x + 274215. What is j(-237)?
6
Let g(z) = -427*z - 8098. What is g(-19)?
15
Let x(u) = -u**2 + 497*u + 15260. Determine x(-29).
6
Let q(z) = 3*z**2 - 138*z + 1215. Give q(34).
-9
Let p(b) = -187*b - 1640. Give p(-9).
43
Let r(s) = -s**2 - 23*s - 57. Give r(-3).
3
Let l(n) = -n**3 + 35*n**2 + 258*n + 67. Determine l(41).
559
Let x(c) = c**3 + 20*c**2 + 48*c - 50. Determine x(-17).
1
Let v(j) = -23*j + 1. Determine v(0).
1
Let x(l) = -l**3 + 14*l**2 + 46*l - 17. What is x(17)?
-102
Let s(r) = -r**3 - 12*r**2 - 760*r - 9108. What is s(-12)?
12
Let d(h) = 501*h + 4569. Give d(-9).
60
Let n(d) = 242*d + 865. What is n(-4)?
-103
Let s(n) = n**3 + 7*n**2 - n + 3. Calculate s(-5).
58
Let d(y) = y**3 + 7*y**2 + 10*y + 162. Give d(-8).
18
Let b(g) = g**3 + 5*g**2 + 4*g + 35. Give b(-6).
-25
Let m(v) = -463*v + 2304. What is m(5)?
-11
Let y(l) = -l**3 - 40*l**2 - 65*l + 556. Give y(-38).
138
Let v(w) = -2*w**3 - 63*w**2 + 30*w - 70. What is v(-32)?
-6
Let j(d) = d**2 + 27*d + 132. Give j(-7).
-8
Let s(y) = 90*y**3 + 3*y**2 + 12*y + 9. Calculate s(-1).
-90
Let h(a) = -a**3 - 41*a**2 + 88*a + 32. Calculate h(-43).
-54
Let r(a) = 15*a**2 + 321*a - 2467. Calculate r(6).
-1
Let d(i) = 3201*i + 9632. Give d(-3).
29
Let i(s) = s**3 + 68*s**2 + 1012*s. Give i(-22).
0
Let j(v) = -v**3 - 15*v**2 - 38*v + 49. Give j(-11).
-17
Let d(q) = -5241*q + 188670. What is d(36)?
-6
Let a(x) = -x**2 - 56*x + 49. Determine a(-53).
208
Let k(l) = -l**2 - 9*l - 15. Determine k(-5).
5
Let j(p) = -2*p**2 - 19*p - 25. Determine j(-3).
14
Let q(i) = -i - 186. Calculate q(66).
-252
Let j(s) = -s**2 - 20*s + 32. Determine j(-23).
-37
Let d(i) = -17*i + 150. Determine d(19).
-173
Let y(p) = -2*p**2 - 51*p - 13. What is y(-22)?
141
Let v(c) = 3*c**3 - 4*c**2 + 48*c - 172. Give v(3).
17
Let o(x) = -866*x + 3489. Calculate o(4).
25
Let q(u) = -5*u**2 - 12*u + 1. What is q(-1)?
8
Let z(l) = 109*l + 21. Give z(-1).
-88
Let b(c) = -662*c - 3970. Calculate b(-6).
2
Let a(w) = -30*w - 368. Calculate a(-16).
112
Let r(p) = p**2 - 16*p + 108. Calculate r(15).
93
Let q(x) = x**2 + 66*x + 1143. Calculate q(-20).
223
Let u(s) = -43*s**2 + 282*s - 138. Give u(6).
6
Let v(u) = -122*u**2 - 429*u + 429. Calculate v(1).
-122
Let n(q) = q**3 - 8*q**2 + 54. Determine n(7).
5
Let g(d) = d**2 + 42*d + 695. What is g(-21)?
254
Let b(v) = -v**2 + 96*v - 299. Calculate b(3).
-20
Let n(r) = 37*r - 11. Determine n(-6).
-233
Let y(d) = d**3 - 6*d + 4. Determine y(2).
0
Let l(b) = 60*b + 619. Determine l(-8).
139
Let s(l) = l**2 - 352*l + 15099. Give s(50).
-1
Let a(p) = -p**3 + 61*p**2 + 5*p - 125. Determine a(61).
180
Let m(d) = d**3 - 19*d**2 + 50*d - 175. What is m(17)?
97
Let t(v) = -4*v**3 + 36*v**2 + 42*v - 373. Give t(9).
5
Let b(q) = -q**2 + 33*q - 28. Give b(35).
-98
Let a(l) = 320*l - 2269. What is a(7)?
-29
Let w(o) = 2*o**3 - 14*o + 46. Give w(5).
226
Let q(p) = -p**3 + 33*p**2 + 69*p + 31. What is q(35)?
-4
Let t(j) = j**3 - 9*j**2 + 16*j + 9. Calculate t(5).
-11
Let n(t) = -t**3 - 17*t**2 + 54*t + 300. Determine n(-19).
-4
Let k(j) = 102*j - 1445. Calculate k(14).
-17
Let w(m) = -22*m**2 + 63*m - 45. Determine w(4).
-145
Let q(u) = -5*u**2 + 246*u - 121. What is q(46)?
615
Let n(t) = -2*t**3 - 41*t**2 + 29*t + 172. Give n(-21).
4
Let m(h) = 339*h + 9495. What is m(-28)?
3
Let y(f) = -2*f**2 + 459*f + 23433. What is y(-43)?
-2
Let l(p) = -p**2 - 14*p + 18. Determine l(-17).
-33
Let b(s) = s**3 - 11*s**2 - 4*s + 225. What is b(9)?
27
Let i(u) = -20*u - 748. Give i(-37).
-8
Let a(v) = v**3 - 16*v**2 + 35*v - 268. Give a(15).
32
Let t(o) = -20*o**2 - 2536*o + 516. Determine t(-127).
8
Let c(d) = -d**3 + 39*d**2 + 81*d + 22. Determine c(41).
-19
Let x(l) = 4*l**2 - 2*l - 2. Give x(2).
10
Let h(b) = 15*b**3 - 2*b**2 + 2*b. Give h(-2).
-132
Let a(b) = -682*b + 4774. What is a(7)?
0
Let q(f) = -77*f**3 + 3*f**2 - 3. Give q(-1).
77
Let a(t) = t**3 - 29*t - 8. What is a(0)?
-8
Let g(m) = -m**3 - 10*m**2 - 20*m + 30. Determine g(-7).
23
Let t(f) = 86*f + 596. Calculate t(-6).
80
Let l(w) = 32*w**3 + 25*w**2 + 45*w - 6. What is l(-2)?
-252
Let y(l) = -3*l + 285. Give y(14).
243
Let f(u) = -u**3 - 17*u**2 - 8*u + 120. Calculate f(-16).
-8
Let a(h) = -206*h + 438. What is a(2)?
26
Let u(z) = -z**3 - 13*z**2 + 183*z - 331. Calculate u(-22).
-1
Let h(v) = -v**3 + 27*v**2 - 25*v - 165. Calculate h(26).
-139
Let w(h) = -h**3 + 23*h*